e 4, what is -23 + 111?
22
In base 12, what is 7b - -4?
83
In base 13, what is -4 + 115?
111
In base 14, what is -6 - -13?
b
In base 15, what is 9 - 74?
-6a
In base 4, what is -200030 - -10?
-200020
In base 14, what is -313 + -2?
-315
In base 4, what is 23203 + -3?
23200
In base 11, what is -43 + 89?
46
In base 3, what is 100 - 1002021?
-1001221
In base 4, what is 0 - -31013?
31013
In base 15, what is -14 - 19?
-2d
In base 16, what is -5b - 4?
-5f
In base 9, what is -3 - 162?
-165
In base 3, what is 10 - -101122?
101202
In base 6, what is 521 - -4?
525
In base 6, what is -35345 - -1?
-35344
In base 14, what is -564 - a?
-570
In base 13, what is -7 + 35?
2b
In base 14, what is -8 + 3?
-5
In base 3, what is -2222 + -1102?
-11101
In base 4, what is 2231110 + 1?
2231111
In base 6, what is -30 - 15?
-45
In base 8, what is 46 - -24?
72
In base 4, what is -222 - -20?
-202
In base 16, what is -21 + 1?
-20
In base 14, what is -2 - -5?
3
In base 4, what is 102313 + -11?
102302
In base 15, what is -2 - 2e?
-31
In base 15, what is 61 - 5?
5b
In base 14, what is -2 + 48?
46
In base 5, what is 110 + 220?
330
In base 2, what is 11101101 + -10000100?
1101001
In base 7, what is -43 + 11?
-32
In base 11, what is 59 + -1?
58
In base 7, what is 46 + -1?
45
In base 15, what is 800 - -8?
808
In base 12, what is -9 - -74?
67
In base 4, what is 2213 - -32?
2311
In base 3, what is -1102 - -10201?
2022
In base 4, what is -1311 - -10?
-1301
In base 15, what is -12 + -198?
-1aa
In base 5, what is -1014 - -1?
-1013
In base 11, what is 3964 - 0?
3964
In base 14, what is -13 + 26?
13
In base 10, what is -11 + -134?
-145
In base 3, what is 11 - -1101122?
1101210
In base 4, what is 3133300 + 1?
3133301
In base 12, what is 3 + 2141?
2144
In base 16, what is 3 + -56?
-53
In base 12, what is -3a8 - -2?
-3a6
In base 7, what is -11 - -45?
34
In base 15, what is 180 + 0?
180
In base 10, what is 14 - 85?
-71
In base 9, what is 4 + 478?
483
In base 6, what is -2121 - 10?
-2131
In base 5, what is 34 + 1232?
1321
In base 3, what is -1222000 - 10?
-1222010
In base 11, what is -2 - -231?
22a
In base 13, what is 1 + 271?
272
In base 8, what is 11 - 150?
-137
In base 2, what is 101010111 - -110?
101011101
In base 7, what is -5 + 100?
62
In base 8, what is -2242 - 2?
-2244
In base 10, what is 70 + 2?
72
In base 7, what is -21003 - 3?
-21006
In base 2, what is 10 + -1000011?
-1000001
In base 10, what is 13 + 24?
37
In base 13, what is 4 + -18a?
-186
In base 5, what is -3243 + 10?
-3233
In base 14, what is -3 + c?
9
In base 3, what is -1212220 - 2?
-1212222
In base 15, what is -4 - 1c8c?
-1c91
In base 3, what is 1220 + 101?
2021
In base 13, what is -1b80 - -5?
-1b78
In base 12, what is -240 + -3?
-243
In base 15, what is -6 + a9?
a3
In base 4, what is 2 - -20321?
20323
In base 8, what is 63 + -104?
-21
In base 11, what is 4 + 5a?
63
In base 13, what is -3 - -17?
14
In base 7, what is 141 + -1?
140
In base 9, what is -3 - -516?
513
In base 12, what is 17 - 3?
14
In base 14, what is 2 - c?
-a
In base 2, what is -1000101101 - -100?
-1000101001
In base 6, what is -10 - 203?
-213
In base 16, what is 3 + c1?
c4
In base 8, what is -54 - 0?
-54
In base 10, what is -9 + -19?
-28
In base 13, what is 481 - 3?
47b
In base 12, what is -3 + 2?
-1
In base 15, what is ec + 3?
100
In base 16, what is -5 - -22d?
228
In base 8, what is 1155 + -3?
1152
In base 5, what is 3 - 10101?
-10043
In base 15, what is 0 - 1a?
-1a
In base 11, what is -41 - 13?
-54
In base 5, what is 2 - -131?
133
In base 14, what is -9 + -2?
-b
In base 14, what is 4 - -cb3?
cb7
In base 6, what is -453 - 11?
-504
In base 10, what is 475 + -2?
473
In base 14, what is 2 - 61?
-5d
In base 11, what is 23 - -28?
50
In base 9, what is -12840 + -2?
-12842
In base 7, what is 50 + 12?
62
In base 9, what is -242 + 20?
-222
In base 5, what is 221231 + 3?
221234
In base 11, what is 14 + 5a6?
60a
In base 5, what is 10 + 1131?
1141
In base 8, what is 76 - -6?
104
In base 9, what is 82 - 3?
78
In base 11, what is 4 + -573?
-56a
In base 9, what is -172 + -2?
-174
In base 11, what is 717 + -2?
715
In base 4, what is 0 - 12?
-12
In base 16, what is 19 + -1a?
-1
In base 7, what is -3115 + 0?
-3115
In base 15, what is 1 - -65?
66
In base 5, what is -3 - 401?
-404
In base 6, what is -231551 + -1?
-231552
In base 2, what is 0 + -111011011?
-111011011
In base 11, what is 14 - -623?
637
In base 2, what is 10011 + 1111010111?
1111101010
In base 2, what is -11111000111 - -11?
-11111000100
In base 14, what is d + -a?
3
In base 15, what is 3 + 8ac?
8b0
In base 6, what is -4 + 102434?
102430
In base 7, what is -426 + 55?
-341
In base 7, what is -402 + -14?
-416
In base 10, what is 114 + -46?
68
In base 16, what is -a1 + -4?
-a5
In base 7, what is -662 - -4?
-655
In base 12, what is 7 - -a?
15
In base 7, what is -14 - -105?
61
In base 14, what is 8 + -d4?
-ca
In base 7, what is -44 + -60?
-134
In base 5, what is -2 + 202?
200
In base 12, what is 5 - 55?
-50
In base 11, what is 6 + 623?
629
In base 4, what is -3 - 11131?
-11200
In base 11, what is -3 + 7a3?
7a0
In base 3, what is -11 + -121200?
-121211
In base 12, what is -2 - -129?
127
In base 14, what is 2 - 49b?
-499
In base 11, what is 13 - -18a?
1a2
In base 13, what is 5 - -1782?
1787
In base 7, what is -243 + -25?
-301
In base 2, what is 1000110 - 11000101?
-1111111
In base 12, what is -3 + -3a?
-41
In base 13, what is aab8 + 2?
aaba
In base 8, what is -1565 + -3?
-1570
In base 8, what is 233 - 171?
42
In base 3, what is -122100 + 2?
-122021
In base 14, what is 7 - -61?
68
In base 2, what is 110 + -1101110100?
-1101101110
In base 3, what is 0 + -20102?
-20102
In base 6, what is -3 + 24?
21
In base 15, what is -1 + 2772?
2771
In base 11, what is -8 - 37?
-44
In base 4, what is 10 - 1011?
-1001
In base 6, what is 240 + -1?
235
In base 6, what is 35 - 300?
-221
In base 9, what is 305 + -32?
263
In base 11, what is 4 - 1109?
-1105
In base 4, what is -113321 - 0?
-113321
In base 9, what is 3 + 32?
35
In base 2, what is -1010101 + -10001?
-1100110
In base 4, what is -1 + 11300?
11233
In base 4, what is -2 - 10?
-12
In base 14, what is -15b0 + 5?
-15a9
In base 12, what is 6a8 + 2?
6aa
In base 5, what is -10 - 13042?
-13102
In base 11, what is 3 - 25?
-22
In base 7, what is 200 - -10?
210
In base 16, what is -2d7 - 5?
-2dc
In base 7, what is 11 + -320?
-306
In base 13, what is 2 + 1b?
20
In base 10, what is -2 + -2503?
-2505
In base 9, what is 5 - -258?
264
In base 3, what is -12012201 + 22?
-12012102
In base 6, what is -10444 + 0?
-10444
In base 14, what is -2 + -1c2?
-1c4
In base 5, what is -10 - -140221?
140211
In base 7, what is 5 + -20?
-12
In base 6, what is 2 + 2105?
2111
In base 15, what is -5 - -2a9?
2a4
In base 8, what is -4 - -265?
261
In base 14, what is 2ab + c?
2b9
In base 9, what is 137 - 2?
135
In base 14, what is -9d - -56?
-47
In base 12, what is -5 - 58?
-61
In base 8, what is -24 + 14?
-10
In base 13, what is -c67 - 3?
-c6a
In base 5, what is 1022 - 0?
1022
In base 6, what is 20 - -25?
45
In base 8, what is 336 + -100?
236
In base 9, what is 666 + -2?
664
In base 5, what is 3 + -432?
-424
In base 4, what is -202012 - 10?
-202022
In base 16, what is -26 + -8?
-2e
In base 7, what is -116 + -3?
-122
In base 12, what is 2b - 8?
23
In base 3, what is 2212202 - 12?
2212120
In base 14, what is 38 - -3?
3b
In base 12, what is 198 + -4?
194
In base 16, what is -3 + -137f?
-1382
In base 15, what is 86 + a?
91
In base 15, what is -1e + -3d8?
-407
In base 15, what is -5 + 147?
142
In base 4, what is 2113 + 0?
2113
In base 15, what is 55 - -14?
69
In base 3, what is 101 - -22201?
100002
In base 3, what is 10 - 10211?
-10201
In base 4, what is -1131 + 12?
-1113
In base 5, what is -1 + -2?
-3
In base 16, what is -1e0 + -f?
-1ef
In base 15, what is 4763 + 3?
4766
In base 11, what is 4 - 21?
-18
In base 8, what is 0 + -3263?
-3263
In base 12, what is -3 - ab8?
-abb
In base 4, what is -11223 - 21?
-11310
In base 7, what is -4 - 666?
-1003
In base 14, what is 2 + 1d9?
1db
In base 16, what is -105 + 3?
-102
In base 11, what is -18a75 + 2?
-18a73
In base 14, what is 87 - -b?
94
In base 2, what is -11111 + 11?
-11100
In base 3, what is 1100 - 22020?
-20220
In base 7, what is -4 + -506?
-513
In base 6, what is -24042 - 5